{"id":10,"date":"2017-09-27T10:22:25","date_gmt":"2017-09-27T08:22:25","guid":{"rendered":"https:\/\/www.celler-kartbahn.com\/website\/?page_id=10"},"modified":"2024-08-17T13:16:53","modified_gmt":"2024-08-17T11:16:53","slug":"ueber-mich","status":"publish","type":"page","link":"https:\/\/www.celler-kartbahn.com\/website\/ueber-mich\/","title":{"rendered":"\u00dcber Uns"},"content":{"rendered":"<p><span style=\"font-size: 24px;\"><span style=\"color: #ff0000;\">Erleben Sie den absoluten Motorsport f\u00fcr Gro\u00df &amp; Klein auf unserer ca. 600 Meter langen Indoor-Kartbahn<\/span><br \/>\n<\/span><\/p>\n<p>Unsere Indoor-Kartbahn in Celle wurde im Januar 2009 von einem neuen Team \u00fcbernommen.<\/p>\n<p>Auf ca. 600 Meter Streckenl\u00e4nge mit Br\u00fccke und Tunnel + seit 2023 eine zweite Ebene mit Steilkurve, fahren seit September 2023 nun schon die insgesamt 5. Neue Kartflotte seit 2009. Diesmal haben wir uns f\u00fcr die Marke Sodi aus Frankreich entschieden, die mit ihrer vielseitigen Ausstattung unendlich Spa\u00df garantieren. Mehr zu unseren Karts findet ihr hier: \u201e<a href=\"https:\/\/www.celler-kartbahn.com\/website\/?page_id=707\">Kartflotte<\/a>\u201c. Zu dem kamen 2017 insgesamt 12 neue \u201e<a href=\"https:\/\/www.celler-kartbahn.com\/website\/?page_id=713\">Kinderkarts<\/a>\u201c zum Einsatz. Ebenfalls verf\u00fcgt unsere Kartflotte \u00fcber 2 <a href=\"https:\/\/www.celler-kartbahn.com\/website\/doppelsitzer\/\">Doppelsitzer<\/a> wo unsere kleinen Nachz\u00fcgler schon Rennluft auf dem Beifahrersitz schnuppern k\u00f6nnen.<\/p>\n<p>Ob Kindergeburtstage, Firmenevents, Vereinsfeiern \u2013 nichts ist unm\u00f6glich! Wir erstellen Ihnen jederzeit ein exklusives Angebot f\u00fcr jede gew\u00fcnschte Veranstaltung und setzen Ihre W\u00fcnsche schnell in die Tat um.<\/p>\n<p style=\"text-align: left;\">F\u00fcr besondere Events bieten wir Ihnen einen exklusiven Raum seit 2011 an. Hier finden in gem\u00fctlicher Atmosph\u00e4re ca. 60 Personen Platz zum Essen, Feiern, Tanzen und vieles mehr. Zudem verf\u00fcgt dieser \u00fcber einen extra Servicebereich wo jederzeit eine Servicekraft zu Verf\u00fcgung steht und Ihre W\u00fcnsche umsetzt. Als Familienbetrieb stehen wir jederzeit mit einem starken Serviceteam zu Ihrer Verf\u00fcgung.<\/p>\n<p>&nbsp;<\/p>\n<p>Wir das Team und Chris bedanken sich bei allen freiwilligen Helfern f\u00fcr die harten Stunden\/Tage\/Wochen des Umbaus im Bistro sowie auf der Strecke \u00fcber die ganzen Jahre.<\/p>\n<div id=\"frontpage-area_e\" class=\" frontpage-area module-bg-none\">\n<div class=\"hgrid\">\n<div id=\"frontpage-area_e_1\" class=\"hgrid-span-4\">\n<section id=\"hoot-vcards-widget-3\" class=\"widget widget_hoot-vcards-widget\" style=\"margin-top: 1px; margin-bottom: 1px;\">\n<div class=\"vcards-widget-wrap topborder-none\">\n<div class=\"vcards-widget-box bottomborder-none\">\n<div class=\"vcards-widget\" style=\"margin-top: 1px; margin-bottom: 1px;\">\n<div class=\"flush-columns\">\n<div class=\"vcard-row\">\n<div class=\"vcard-column hcolumn-1-1 vcard-1\">\n<div class=\"vcard\">\n<div class=\"vcard-visual vcard-image\"><img decoding=\"async\" class=\"vcard-img\" src=\"https:\/\/www.celler-kartbahn.com\/website\/wp-content\/uploads\/2017\/10\/chris.jpg\" alt=\"vCard Image\" \/><\/div>\n<div class=\"vcard-content vcard-content-hasimage\">\n<h4>Chris<\/h4>\n<p><cite>Gesch\u00e4ftsf\u00fchrer<\/cite><br \/>\nDer Mann f\u00fcr alles was die Strecke \/ Karts, Marketing, Einkauf, Erneuerung, Planungen und organisatorische Sachen angeht.<\/p>\n<\/div>\n<div class=\"vcard-links social-icons-widget social-icons-small\">\n<div class=\"vcard-link\"><\/div>\n<div class=\"vcard-link\"><\/div>\n<\/div>\n<\/div>\n<\/div>\n<\/div>\n<\/div>\n<\/div>\n<\/div>\n<\/div>\n<\/section>\n<\/div>\n<div id=\"frontpage-area_e_2\" class=\"hgrid-span-4\">\n<section id=\"hoot-vcards-widget-6\" class=\"widget widget_hoot-vcards-widget\" style=\"margin-top: 1px; margin-bottom: 1px;\">\n<div class=\"vcards-widget-wrap topborder-none\">\n<div class=\"vcards-widget-box bottomborder-none\">\n<div class=\"vcards-widget\" style=\"margin-top: 1px; margin-bottom: 1px;\">\n<div class=\"flush-columns\">\n<div class=\"vcard-row\">\n<div class=\"vcard-column hcolumn-1-1 vcard-1\">\n<div class=\"vcard\">\n<div class=\"vcard-visual vcard-image\"><img decoding=\"async\" class=\"vcard-img\" src=\"https:\/\/www.celler-kartbahn.com\/website\/wp-content\/uploads\/2017\/10\/conny.jpg\" alt=\"vCard Image\" \/><\/div>\n<div class=\"vcard-content vcard-content-hasimage\">\n<h4>Conny<\/h4>\n<p><cite>Finanzministerin<\/cite><br \/>\nMama der Kartbahn\u2026 Sauberkeit, Events-organisation sowie Buchhaltung und Servicekraft geh\u00f6ren zu Ihrer Lieblings- besch\u00e4ftigung.<\/p>\n<\/div>\n<div class=\"vcard-links social-icons-widget social-icons-small\">\n<div class=\"vcard-link\"><\/div>\n<div class=\"vcard-link\"><\/div>\n<\/div>\n<\/div>\n<\/div>\n<\/div>\n<\/div>\n<\/div>\n<\/div>\n<\/div>\n<\/section>\n<\/div>\n<div id=\"frontpage-area_e_3\" class=\"hgrid-span-4\">\n<section id=\"hoot-vcards-widget-7\" class=\"widget widget_hoot-vcards-widget\" style=\"margin-top: 1px; margin-bottom: 1px;\">\n<div class=\"vcards-widget-wrap topborder-none\">\n<div class=\"vcards-widget-box bottomborder-none\">\n<div class=\"vcards-widget\" style=\"margin-top: 1px; margin-bottom: 1px;\">\n<div class=\"flush-columns\">\n<div class=\"vcard-row\">\n<div class=\"vcard-column hcolumn-1-1 vcard-1\">\n<div class=\"vcard\">\n<div class=\"vcard-visual vcard-image\"><img decoding=\"async\" class=\"vcard-img\" src=\"https:\/\/www.celler-kartbahn.com\/website\/wp-content\/uploads\/2017\/10\/susi.jpg\" alt=\"vCard Image\" \/><\/div>\n<div class=\"vcard-content vcard-content-hasimage\">\n<h4>Susi<\/h4>\n<p><cite>Servicekraft<\/cite><br \/>\nNach langer Erfahrung im Servicebereich ist Sie diejenige die f\u00fcr das leibliche Wohl in unserem Bistro sorgt. Und euch die Tickets verkauft.<\/p>\n<\/div>\n<div class=\"vcard-links social-icons-widget social-icons-small\">\n<div class=\"vcard-link\"><\/div>\n<div class=\"vcard-link\"><\/div>\n<\/div>\n<\/div>\n<\/div>\n<\/div>\n<\/div>\n<\/div>\n<\/div>\n<\/div>\n<\/section>\n<\/div>\n<\/div>\n<\/div>\n<div id=\"frontpage-area_b\" class=\" frontpage-area module-bg-none\">\n<div class=\"hgrid\">\n<div id=\"frontpage-area_b_1\" class=\"hgrid-span-4\"><\/div>\n<div id=\"frontpage-area_b_3\" class=\"hgrid-span-4\">\n<section id=\"hoot-vcards-widget-12\" class=\"widget widget_hoot-vcards-widget\">\n<div class=\"vcards-widget-wrap topborder-none\">\n<div class=\"vcards-widget-box bottomborder-none\">\n<div class=\"vcards-widget\">\n<div class=\"flush-columns\">\n<div class=\"vcard-row\">\n<div class=\"vcard-column hcolumn-1-1 vcard-1\">\n<div class=\"vcard\">\n<div class=\"vcard-visual vcard-image\"><img decoding=\"async\" class=\"vcard-img\" src=\"https:\/\/www.celler-kartbahn.com\/website\/wp-content\/uploads\/2017\/10\/speedy.jpg\" alt=\"vCard Image\" \/><\/div>\n<div class=\"vcard-content vcard-content-hasimage\">\n<h4>Speedy<\/h4>\n<p><cite>Hund<\/cite><br \/>\ndas Maskottchen<br \/>\nder Kartbahn Burnout,<br \/>\nklein aber laut \ud83d\ude09<\/p>\n<\/div>\n<\/div>\n<\/div>\n<\/div>\n<\/div>\n<\/div>\n<\/div>\n<\/div>\n<\/section>\n<\/div>\n<\/div>\n<\/div>\n","protected":false},"excerpt":{"rendered":"<p>Erleben Sie den absoluten Motorsport f\u00fcr Gro\u00df &amp; Klein auf unserer ca. 600 Meter langen Indoor-Kartbahn Unsere Indoor-Kartbahn in Celle wurde im Januar 2009 von einem neuen Team \u00fcbernommen. Auf ca. 600 Meter Streckenl\u00e4nge mit Br\u00fccke und Tunnel + seit 2023 eine zweite Ebene mit Steilkurve, fahren seit September 2023 nun schon die insgesamt 5. Neue Kartflotte seit 2009. Diesmal haben wir uns f\u00fcr die Marke Sodi aus Frankreich entschieden, die mit ihrer vielseitigen Ausstattung unendlich Spa\u00df garantieren. Mehr zu unseren Karts findet ihr hier: \u201eKartflotte\u201c. Zu dem kamen 2017 insgesamt 12 neue \u201eKinderkarts\u201c zum Einsatz. Ebenfalls verf\u00fcgt unsere Kartflotte \u00fcber 2 Doppelsitzer wo unsere<a class=\"more-link\" href=\"https:\/\/www.celler-kartbahn.com\/website\/ueber-mich\/\"><span>Weiter Lesen<\/span><\/a><\/p>\n","protected":false},"author":1,"featured_media":0,"parent":0,"menu_order":0,"comment_status":"closed","ping_status":"closed","template":"","meta":{"footnotes":""},"class_list":["entry","author-team","post-10","page","type-page","status-publish"],"rttpg_featured_image_url":null,"rttpg_author":{"display_name":"Team","author_link":"https:\/\/www.celler-kartbahn.com\/website\/author\/team\/"},"rttpg_comment":0,"rttpg_category":null,"rttpg_excerpt":"Erleben Sie den absoluten Motorsport f\u00fcr Gro\u00df &amp; Klein auf unserer ca. 600 Meter langen Indoor-Kartbahn Unsere Indoor-Kartbahn in Celle wurde im Januar 2009 von einem neuen Team \u00fcbernommen. Auf ca. 600 Meter Streckenl\u00e4nge mit Br\u00fccke und Tunnel + seit 2023 eine zweite Ebene mit Steilkurve, fahren seit September 2023 nun schon die insgesamt 5.&hellip;","_links":{"self":[{"href":"https:\/\/www.celler-kartbahn.com\/website\/wp-json\/wp\/v2\/pages\/10","targetHints":{"allow":["GET"]}}],"collection":[{"href":"https:\/\/www.celler-kartbahn.com\/website\/wp-json\/wp\/v2\/pages"}],"about":[{"href":"https:\/\/www.celler-kartbahn.com\/website\/wp-json\/wp\/v2\/types\/page"}],"author":[{"embeddable":true,"href":"https:\/\/www.celler-kartbahn.com\/website\/wp-json\/wp\/v2\/users\/1"}],"replies":[{"embeddable":true,"href":"https:\/\/www.celler-kartbahn.com\/website\/wp-json\/wp\/v2\/comments?post=10"}],"version-history":[{"count":0,"href":"https:\/\/www.celler-kartbahn.com\/website\/wp-json\/wp\/v2\/pages\/10\/revisions"}],"wp:attachment":[{"href":"https:\/\/www.celler-kartbahn.com\/website\/wp-json\/wp\/v2\/media?parent=10"}],"curies":[{"name":"wp","href":"https:\/\/api.w.org\/{rel}","templated":true}]}}