{"id":2309,"date":"2018-03-31T13:55:07","date_gmt":"2018-03-31T11:55:07","guid":{"rendered":"https:\/\/www.celler-kartbahn.com\/website\/?page_id=2309"},"modified":"2022-05-23T15:58:55","modified_gmt":"2022-05-23T13:58:55","slug":"siegerehrung","status":"publish","type":"page","link":"https:\/\/www.celler-kartbahn.com\/website\/siegerehrung\/","title":{"rendered":"Siegerehrung"},"content":{"rendered":"<p>Bei Rennen, Kidspartys oder Bahnmieten bieten wir eine Siegerehrung ab einer Mindestabnahme von 3 Medaillen oder Pokalen an. Die Siegerehrung findet auf unserem gro\u00dfen tollen Podest statt, dort bietet sich auch ein sch\u00f6nes Gruppenfoto an.<\/p>\n<div id=\"frontpage-area_e\" class=\" frontpage-area module-bg-none\">\n<div class=\"hgrid\">\n<div id=\"frontpage-area_e_1\" class=\"hgrid-span-3\">\n<section id=\"hoot-vcards-widget-2\" class=\"widget widget_hoot-vcards-widget\" style=\"margin-top: 1px; margin-bottom: 1px;\">\n<div class=\"vcards-widget-wrap topborder-none\">\n<div class=\"vcards-widget-box bottomborder-none\">\n<div class=\"vcards-widget\" style=\"margin-top: 1px; margin-bottom: 1px;\">\n<div class=\"flush-columns\">\n<div class=\"vcard-row\">\n<div class=\"vcard-column hcolumn-1-1 vcard-1\">\n<div class=\"\">\n<div class=\"vcard-visual vcard-image\"><img decoding=\"async\" class=\"vcard-img\" src=\"https:\/\/www.celler-kartbahn.com\/website\/wp-content\/uploads\/2018\/03\/1.png\" alt=\"vCard Image\" \/><\/div>\n<div class=\"vcard-content vcard-content-hasimage\">\n<h4>Pokalsatz 1<\/h4>\n<h4>(10 &#8211; 14cm gro\u00df)<\/h4>\n<p style=\"text-align: left;\"><cite>\u00a0<\/cite><\/p>\n<\/div>\n<div class=\"vcard-links social-icons-widget social-icons-small\">\n<div class=\"\">inkl. Standartgravur 30,- EUR<\/div>\n<\/div>\n<\/div>\n<\/div>\n<\/div>\n<\/div>\n<\/div>\n<\/div>\n<\/div>\n<\/section>\n<\/div>\n<div id=\"frontpage-area_e_1\" class=\"hgrid-span-3\">\n<section id=\"hoot-vcards-widget-2\" class=\"widget widget_hoot-vcards-widget\" style=\"margin-top: 1px; margin-bottom: 1px;\">\n<div class=\"vcards-widget-wrap topborder-none\">\n<div class=\"vcards-widget-box bottomborder-none\">\n<div class=\"vcards-widget\" style=\"margin-top: 1px; margin-bottom: 1px;\">\n<div class=\"flush-columns\">\n<div class=\"vcard-row\">\n<div class=\"vcard-column hcolumn-1-1 vcard-1\">\n<div class=\"\">\n<div class=\"vcard-visual vcard-image\"><img decoding=\"async\" class=\"vcard-img\" src=\"https:\/\/www.celler-kartbahn.com\/website\/wp-content\/uploads\/2018\/03\/3.png\" alt=\"vCard Image\" \/><\/div>\n<div class=\"vcard-content vcard-content-hasimage\">\n<h4>Pokalsatz 2<\/h4>\n<h4>(13 &#8211; 18cm gro\u00df)<\/h4>\n<p style=\"text-align: left;\"><cite>\u00a0<\/cite><\/p>\n<\/div>\n<div class=\"vcard-links social-icons-widget social-icons-small\">\n<div class=\"\">inkl. Standartgravur 40,- EUR<\/div>\n<\/div>\n<\/div>\n<\/div>\n<\/div>\n<\/div>\n<\/div>\n<\/div>\n<\/div>\n<\/section>\n<\/div>\n<div id=\"frontpage-area_e_1\" class=\"hgrid-span-3\">\n<section id=\"hoot-vcards-widget-2\" class=\"widget widget_hoot-vcards-widget\" style=\"margin-top: 1px; margin-bottom: 1px;\">\n<div class=\"vcards-widget-wrap topborder-none\">\n<div class=\"vcards-widget-box bottomborder-none\">\n<div class=\"vcards-widget\" style=\"margin-top: 1px; margin-bottom: 1px;\">\n<div class=\"flush-columns\">\n<div class=\"vcard-row\">\n<div class=\"vcard-column hcolumn-1-1 vcard-1\">\n<div class=\"\">\n<div class=\"vcard-visual vcard-image\"><img decoding=\"async\" class=\"vcard-img\" src=\"https:\/\/www.celler-kartbahn.com\/website\/wp-content\/uploads\/2018\/03\/med.png\" alt=\"vCard Image\" \/><\/div>\n<div class=\"vcard-content vcard-content-hasimage\">\n<h4>Medaille<\/h4>\n<p>&nbsp;<\/p>\n<p style=\"text-align: left;\"><cite>\u00a0<\/cite><\/p>\n<\/div>\n<div class=\"vcard-links social-icons-widget social-icons-small\">\n<div class=\"\">1,90 EUR\/st<\/div>\n<\/div>\n<\/div>\n<\/div>\n<\/div>\n<\/div>\n<\/div>\n<\/div>\n<\/div>\n<\/section>\n<\/div>\n<\/div>\n<\/div>\n","protected":false},"excerpt":{"rendered":"<p>Bei Rennen, Kidspartys oder Bahnmieten bieten wir eine Siegerehrung ab einer Mindestabnahme von 3 Medaillen oder Pokalen an. Die Siegerehrung findet auf unserem gro\u00dfen tollen Podest statt, dort bietet sich auch ein sch\u00f6nes Gruppenfoto an. Pokalsatz 1 (10 &#8211; 14cm gro\u00df) \u00a0 inkl. Standartgravur 30,- EUR Pokalsatz 2 (13 &#8211; 18cm gro\u00df) \u00a0 inkl. Standartgravur 40,- EUR Medaille &nbsp; \u00a0 1,90 EUR\/st<a class=\"more-link\" href=\"https:\/\/www.celler-kartbahn.com\/website\/siegerehrung\/\"><span>Weiter Lesen<\/span><\/a><\/p>\n","protected":false},"author":1,"featured_media":0,"parent":0,"menu_order":0,"comment_status":"closed","ping_status":"closed","template":"","meta":{"footnotes":""},"class_list":["entry","author-team","post-2309","page","type-page","status-publish"],"rttpg_featured_image_url":null,"rttpg_author":{"display_name":"Team","author_link":"https:\/\/www.celler-kartbahn.com\/website\/author\/team\/"},"rttpg_comment":0,"rttpg_category":null,"rttpg_excerpt":"Bei Rennen, Kidspartys oder Bahnmieten bieten wir eine Siegerehrung ab einer Mindestabnahme von 3 Medaillen oder Pokalen an. Die Siegerehrung findet auf unserem gro\u00dfen tollen Podest statt, dort bietet sich auch ein sch\u00f6nes Gruppenfoto an. Pokalsatz 1 (10 &#8211; 14cm gro\u00df) \u00a0 inkl. Standartgravur 30,- EUR Pokalsatz 2 (13 &#8211; 18cm gro\u00df) \u00a0 inkl. Standartgravur&hellip;","_links":{"self":[{"href":"https:\/\/www.celler-kartbahn.com\/website\/wp-json\/wp\/v2\/pages\/2309","targetHints":{"allow":["GET"]}}],"collection":[{"href":"https:\/\/www.celler-kartbahn.com\/website\/wp-json\/wp\/v2\/pages"}],"about":[{"href":"https:\/\/www.celler-kartbahn.com\/website\/wp-json\/wp\/v2\/types\/page"}],"author":[{"embeddable":true,"href":"https:\/\/www.celler-kartbahn.com\/website\/wp-json\/wp\/v2\/users\/1"}],"replies":[{"embeddable":true,"href":"https:\/\/www.celler-kartbahn.com\/website\/wp-json\/wp\/v2\/comments?post=2309"}],"version-history":[{"count":0,"href":"https:\/\/www.celler-kartbahn.com\/website\/wp-json\/wp\/v2\/pages\/2309\/revisions"}],"wp:attachment":[{"href":"https:\/\/www.celler-kartbahn.com\/website\/wp-json\/wp\/v2\/media?parent=2309"}],"curies":[{"name":"wp","href":"https:\/\/api.w.org\/{rel}","templated":true}]}}