{"id":437,"date":"2017-11-21T18:28:48","date_gmt":"2017-11-21T17:28:48","guid":{"rendered":"https:\/\/www.celler-kartbahn.com\/website\/?page_id=437"},"modified":"2023-02-27T14:36:36","modified_gmt":"2023-02-27T13:36:36","slug":"firmen-gruppenevents","status":"publish","type":"page","link":"https:\/\/www.celler-kartbahn.com\/website\/firmen-gruppenevents\/","title":{"rendered":"Firmen- \/ Gruppenevents"},"content":{"rendered":"<p>Ob das passende Weihnachtsspektakel\/Firmenevent oder Gruppenveranstaltung, wir bieten mehr als nur eine k\u00f6stliche Restaurantveranstaltung. Bei uns erlebt man die faszination Motorsport f\u00fcr Anf\u00e4nger bis Fortgeschritten.<\/p>\n<p>Angebote unter anderem verwendbar f\u00fcr Weihnachtsfeier, Vereinsfeier, Junggesellenabschied u.v.m.!<\/p>\n<p>Wir f\u00fchren euch ein in die kleine Welt des Kartrennsports mit Flaggenkunde, rasanten \u00dcberholman\u00f6vern \u00fcber unsere Br\u00fccke und mit Vollgas durch den Tunnel. Durch Freizeitvergn\u00fcgen k\u00f6nnen Sie die Motivation der Mitarbeiter\/innen untereinander steigern. Nach der Veranstaltung noch ein deftiges Buffet mit einem frisch gezapften Bier, dies finden Sie in Ihrem exklusiven zu Verf\u00fcgung stehenden Raum wo sich unsere Servicekr\u00e4fte um Ihr leibliches Wohl sorgen.<\/p>\n<p>Nach der Veranstaltung eventuell noch ein leckeres Buffet? Wir sind stets bem\u00fcht all Ihre W\u00fcnsche in die Tat umzusetzen. Unser Buffetangebot findet ihr unter Downloads.<\/p>\n<p>Von der kleinen Gruppe mit einer gesplitteten Bahnmiete bis hin zur internen Meisterschaft oder aber auch ein spannendes Teamrennen. St\u00f6bert selbst, n\u00e4here Infos und exakt erl\u00e4uterter Ablauf jeweils unter den Optionen.<\/p>\n<p><center><a class=\"maxbutton-2 maxbutton maxbutton-teamrennen-mit-fahrerwechsel\" title=\"Teamrennen mit Fahrerwechsel (Lohnenswert ab 18 Personen)\" href=\"http:\/\/www.celler-kartbahn.com\/website\/?page_id=562\"><span class='mb-text'>Teamrennen mit Fahrerwechsel (Lohnenswert ab 18 Personen)<\/span><\/a><\/center>&nbsp;<\/p>\n<p><center><a class=\"maxbutton-3 maxbutton maxbutton-teamrennen-mit-fahrerwechsel\" title=\"Meisterschaft Grand Prix Modus (Lohnenswert ab 18 Personen)\" href=\"http:\/\/www.celler-kartbahn.com\/website\/?page_id=566\"><span class='mb-text'>Meisterschaft Grand Prix Modus (Lohnenswert ab 18 Personen)<\/span><\/a><\/center><\/p>\n","protected":false},"excerpt":{"rendered":"<p>Ob das passende Weihnachtsspektakel\/Firmenevent oder Gruppenveranstaltung, wir bieten mehr als nur eine k\u00f6stliche Restaurantveranstaltung. Bei uns erlebt man die faszination Motorsport f\u00fcr Anf\u00e4nger bis Fortgeschritten. Angebote unter anderem verwendbar f\u00fcr Weihnachtsfeier, Vereinsfeier, Junggesellenabschied u.v.m.! Wir f\u00fchren euch ein in die kleine Welt des Kartrennsports mit Flaggenkunde, rasanten \u00dcberholman\u00f6vern \u00fcber unsere Br\u00fccke und mit Vollgas durch den Tunnel. Durch Freizeitvergn\u00fcgen k\u00f6nnen Sie die Motivation der Mitarbeiter\/innen untereinander steigern. Nach der Veranstaltung noch ein deftiges Buffet mit einem frisch gezapften Bier, dies finden Sie in Ihrem exklusiven zu Verf\u00fcgung stehenden Raum wo sich unsere Servicekr\u00e4fte um Ihr leibliches Wohl sorgen. Nach der Veranstaltung eventuell noch ein leckeres<a class=\"more-link\" href=\"https:\/\/www.celler-kartbahn.com\/website\/firmen-gruppenevents\/\"><span>Weiter Lesen<\/span><\/a><\/p>\n","protected":false},"author":1,"featured_media":0,"parent":0,"menu_order":0,"comment_status":"closed","ping_status":"closed","template":"","meta":{"footnotes":""},"class_list":["entry","author-team","post-437","page","type-page","status-publish"],"rttpg_featured_image_url":null,"rttpg_author":{"display_name":"Team","author_link":"https:\/\/www.celler-kartbahn.com\/website\/author\/team\/"},"rttpg_comment":0,"rttpg_category":null,"rttpg_excerpt":"Ob das passende Weihnachtsspektakel\/Firmenevent oder Gruppenveranstaltung, wir bieten mehr als nur eine k\u00f6stliche Restaurantveranstaltung. Bei uns erlebt man die faszination Motorsport f\u00fcr Anf\u00e4nger bis Fortgeschritten. Angebote unter anderem verwendbar f\u00fcr Weihnachtsfeier, Vereinsfeier, Junggesellenabschied u.v.m.! Wir f\u00fchren euch ein in die kleine Welt des Kartrennsports mit Flaggenkunde, rasanten \u00dcberholman\u00f6vern \u00fcber unsere Br\u00fccke und mit Vollgas durch&hellip;","_links":{"self":[{"href":"https:\/\/www.celler-kartbahn.com\/website\/wp-json\/wp\/v2\/pages\/437","targetHints":{"allow":["GET"]}}],"collection":[{"href":"https:\/\/www.celler-kartbahn.com\/website\/wp-json\/wp\/v2\/pages"}],"about":[{"href":"https:\/\/www.celler-kartbahn.com\/website\/wp-json\/wp\/v2\/types\/page"}],"author":[{"embeddable":true,"href":"https:\/\/www.celler-kartbahn.com\/website\/wp-json\/wp\/v2\/users\/1"}],"replies":[{"embeddable":true,"href":"https:\/\/www.celler-kartbahn.com\/website\/wp-json\/wp\/v2\/comments?post=437"}],"version-history":[{"count":0,"href":"https:\/\/www.celler-kartbahn.com\/website\/wp-json\/wp\/v2\/pages\/437\/revisions"}],"wp:attachment":[{"href":"https:\/\/www.celler-kartbahn.com\/website\/wp-json\/wp\/v2\/media?parent=437"}],"curies":[{"name":"wp","href":"https:\/\/api.w.org\/{rel}","templated":true}]}}