{"id":732,"date":"2017-12-17T14:30:14","date_gmt":"2017-12-17T13:30:14","guid":{"rendered":"https:\/\/www.celler-kartbahn.com\/website\/?page_id=732"},"modified":"2018-05-12T16:38:54","modified_gmt":"2018-05-12T14:38:54","slug":"infos-tips-und-tricks","status":"publish","type":"page","link":"https:\/\/www.celler-kartbahn.com\/website\/infos-tips-und-tricks\/","title":{"rendered":"Info&#8217;s, Tips und Tricks"},"content":{"rendered":"<p><span style=\"color: #ff0000; font-size: 24px;\">Liebe Kartfreunde,<\/span><\/p>\n<p>Hier m\u00f6chten wir euch einige wichtige Infos geben. Die h\u00e4ufig gestellten Fragen beantworten und kleine Tipps und Tricks verraten:<\/p>\n<p>&nbsp;<\/p>\n<p><span style=\"color: #ff0000; font-size: 20px;\">Ab wann darf man bei uns Kartfahren:<\/span><br \/>\nAb dem 8. Lebensjahr und einer Mindestgr\u00f6\u00dfe von 1,25<\/p>\n<ul>\n<li style=\"color: #ff0000;\"><span style=\"color: #000000;\">Warum? Weil man unter 1,25m nicht das Bremspedal vollst\u00e4ndig bedienen kann, und dass wollen wir doch alle oder? Das Alter spielt aus versicherungstechnischen Gr\u00fcnden eine Rolle, darum auch nicht zu umgehen.<\/span><\/li>\n<\/ul>\n<p><span style=\"color: #ff0000; font-size: 20px;\">Wann kann man im gro\u00dfen Kart fahren:<\/span><br \/>\nAb 13 Jahren und einer Mindestgr\u00f6\u00dfe von 1,55m<br \/>\nAb 12 Jahren und einer Mindestgr\u00f6\u00dfe von 1,55m (mit Karterfahrung)<\/p>\n<ul>\n<li style=\"color: #ff0000;\"><span style=\"color: #000000;\">Es gibt allerdings ausnahmen, manchmal sind Kids mit 10 Jahren schon so gro\u00df das wir Sie nicht mehr ins Kinderkart bekommen. Auch andersrum geht es, zu klein aber z.B. 13 Jahren.<\/span><\/li>\n<li style=\"color: #ff0000;\"><span style=\"color: #000000;\">Ausnahme wird auch nur gemacht wenn Kids regelm\u00e4\u00dfig bei uns fahren, sicher fahren und eine gute Zeit hinlegen (39,\u2026 im Kinderkart). Vorausgesetzt hier sind mindestens 3 Turns mit jeweils 39er Zeiten innerhalb 1 Jahr und auch eine Mindestgr\u00f6\u00dfe von 1,50 und Mindestalter von 10 Jahren. Dies ist aber auch keine Garantie um ins gro\u00dfe Kart zu kommen. Diese Entscheidung trifft NUR das Bahnpersonal, denn wir sind verantwortlich f\u00fcr die Sicherheit auf der Rennstrecke!<br \/>\n<\/span><\/li>\n<\/ul>\n<p><span style=\"color: #ff0000; font-size: 20px;\">Ist Kartfahren gef\u00e4hrlich:<\/span><br \/>\nSolang man sich an die Regeln\/Einweisung h\u00e4lt und das macht was das Personal sagt, ist es nicht gef\u00e4hrlich. Jedoch kann man nie etwas garantieren. Zum Beispiel lauern beim Fahrradfahren auch gefahren oder? Aus unserer Sicht ist noch nie etwas Schwerwiegendes bei uns passiert und wir leben zu 70% von Jungen Kids und Jugendlichen \ud83d\ude09 Dennoch m\u00fcssen wir uns absichern durch einen Haftungsausschluss. Gerne beantworten wir Fragen zu diesem Thema per Mail oder telefonisch.<\/p>\n<p><span style=\"color: #ff0000; font-size: 24px;\">Tipps und Tricks<\/span><\/p>\n<p><span style=\"color: #ff0000; font-size: 20px;\">Die Ideallinie<\/span><br \/>\nVersuchen Sie die Ideallinie zu finden. Diese ist der k\u00fcrzeste und schnellste Weg eine beste Rundenzeit zu erzielen. Die Ideallinie kann f\u00fcr jeden Fahrer eine andere sein.<\/p>\n<p><span style=\"font-size: 20px; color: #ff0000;\">Wie fahre ich eine Kurve?<\/span><br \/>\nRutschen oder Driften bedeutet einen hohen Zeitverlust, weil dadurch das Kart an Geschwindigkeit verliert. Deswegen ist langsamer und sauber in diesem Fall oft schneller. Ihr Kart rutscht automatisch wenn Sie gleichzeitig bremsen und lenken. Versuchen Sie vor der Kurve langsamer zu werden oder zu bremsen, so dass es nicht mehr n\u00f6tig ist in der Kurve abzubremsen. Es ist vorteilhafter langsamer in die Kurve zu fahren, und schneller wieder rauszufahren. In den scharfen Kurven k\u00f6nnen Sie die meiste Zeit verlieren, oder gewinnen..<\/p>\n<p><span style=\"font-size: 20px; color: #ff0000;\">Das Kart beschleunigt langsamer als das vom Gegner?<\/span><br \/>\nDie meisten unerfahrenen Fahrer gehen davon aus, dass Sie ein schlechtes Kart haben. Jedoch hat die Mehrheit nur eine Kurve schlecht genommen, wodurch Sie langsamer aus der Kurve kommen und nicht so schnell wieder Geschwindigkeit aufnehmen wie der Fahrer mit welchem Sie sich vergleichen.<\/p>\n<p><span style=\"color: #ff0000; font-size: 20px;\">Wie werde ich besser?<\/span><br \/>\nLassen Sie \u00fcberholen sollte ein schnellerer Fahrer hinter Ihnen sein, dann versuchen die Ideallinie von diesem zu verfolgen. Auch durch Beobachtung mit dem Zeitenmonitor auf der Strecke k\u00f6nnen Sie verschiedene Kurven ausprobieren und versuchen zu verbessern. Grundprinzip jeder Kurve ist das Anfahren von au\u00dfen nach innen zum Scheitelpunkt und wieder herausbeschleunigen nach au\u00dfen.<\/p>\n<p><span style=\"color: #ff0000; font-size: 20px;\">Unterschiedliche Karts?<\/span><\/p>\n<ol>\n<li style=\"list-style-type: none;\">\n<ol style=\"list-style-type: upper-roman;\">\n<li style=\"color: #ff0000;\"><span style=\"color: #000000;\">Das Gewicht eines Fahrers spielt eine wichtige Rolle f\u00fcr die Rundenzeit. Es ist ein Unterschied von etwa 0,3 Sek pro Runde pro 10 KG Gewicht. Gewichtsausgleich ist nur bei Rennen oder Bahnmieten m\u00f6glich.<\/span><\/li>\n<li style=\"color: #ff0000;\"><span style=\"color: #000000;\">Es gibt ebenfalls einen Unterschied von derzeit 0,3 Sek zwischen den Karts. Dieser Unterschied, unter Ber\u00fccksichtigung der L\u00e4nge der Bahn, ist sehr gering.<\/span><\/li>\n<\/ol>\n<\/li>\n<\/ol>\n","protected":false},"excerpt":{"rendered":"<p>Liebe Kartfreunde, Hier m\u00f6chten wir euch einige wichtige Infos geben. Die h\u00e4ufig gestellten Fragen beantworten und kleine Tipps und Tricks verraten: &nbsp; Ab wann darf man bei uns Kartfahren: Ab dem 8. Lebensjahr und einer Mindestgr\u00f6\u00dfe von 1,25 Warum? Weil man unter 1,25m nicht das Bremspedal vollst\u00e4ndig bedienen kann, und dass wollen wir doch alle oder? Das Alter spielt aus versicherungstechnischen Gr\u00fcnden eine Rolle, darum auch nicht zu umgehen. Wann kann man im gro\u00dfen Kart fahren: Ab 13 Jahren und einer Mindestgr\u00f6\u00dfe von 1,55m Ab 12 Jahren und einer Mindestgr\u00f6\u00dfe von 1,55m (mit Karterfahrung) Es gibt allerdings ausnahmen, manchmal sind Kids mit 10 Jahren schon<a class=\"more-link\" href=\"https:\/\/www.celler-kartbahn.com\/website\/infos-tips-und-tricks\/\"><span>Weiter Lesen<\/span><\/a><\/p>\n","protected":false},"author":1,"featured_media":0,"parent":0,"menu_order":0,"comment_status":"closed","ping_status":"closed","template":"","meta":{"footnotes":""},"class_list":["entry","author-team","post-732","page","type-page","status-publish"],"rttpg_featured_image_url":null,"rttpg_author":{"display_name":"Team","author_link":"https:\/\/www.celler-kartbahn.com\/website\/author\/team\/"},"rttpg_comment":0,"rttpg_category":null,"rttpg_excerpt":"Liebe Kartfreunde, Hier m\u00f6chten wir euch einige wichtige Infos geben. Die h\u00e4ufig gestellten Fragen beantworten und kleine Tipps und Tricks verraten: &nbsp; Ab wann darf man bei uns Kartfahren: Ab dem 8. Lebensjahr und einer Mindestgr\u00f6\u00dfe von 1,25 Warum? Weil man unter 1,25m nicht das Bremspedal vollst\u00e4ndig bedienen kann, und dass wollen wir doch alle&hellip;","_links":{"self":[{"href":"https:\/\/www.celler-kartbahn.com\/website\/wp-json\/wp\/v2\/pages\/732","targetHints":{"allow":["GET"]}}],"collection":[{"href":"https:\/\/www.celler-kartbahn.com\/website\/wp-json\/wp\/v2\/pages"}],"about":[{"href":"https:\/\/www.celler-kartbahn.com\/website\/wp-json\/wp\/v2\/types\/page"}],"author":[{"embeddable":true,"href":"https:\/\/www.celler-kartbahn.com\/website\/wp-json\/wp\/v2\/users\/1"}],"replies":[{"embeddable":true,"href":"https:\/\/www.celler-kartbahn.com\/website\/wp-json\/wp\/v2\/comments?post=732"}],"version-history":[{"count":0,"href":"https:\/\/www.celler-kartbahn.com\/website\/wp-json\/wp\/v2\/pages\/732\/revisions"}],"wp:attachment":[{"href":"https:\/\/www.celler-kartbahn.com\/website\/wp-json\/wp\/v2\/media?parent=732"}],"curies":[{"name":"wp","href":"https:\/\/api.w.org\/{rel}","templated":true}]}}